 are the prime factors of 92663?
19, 4877
List the prime factors of 1104.
2, 3, 23
List the prime factors of 34609.
53, 653
What are the prime factors of 1678?
2, 839
List the prime factors of 599.
599
What are the prime factors of 22776?
2, 3, 13, 73
What are the prime factors of 1292?
2, 17, 19
List the prime factors of 2809.
53
What are the prime factors of 341?
11, 31
List the prime factors of 23001.
3, 11, 17, 41
What are the prime factors of 1287?
3, 11, 13
What are the prime factors of 651?
3, 7, 31
List the prime factors of 8349.
3, 11, 23
What are the prime factors of 123913?
17, 37, 197
List the prime factors of 290.
2, 5, 29
What are the prime factors of 53494?
2, 7, 3821
List the prime factors of 813.
3, 271
List the prime factors of 29579.
11, 2689
What are the prime factors of 24051?
3, 8017
What are the prime factors of 40077?
3, 61, 73
What are the prime factors of 22869?
3, 7, 11
List the prime factors of 878.
2, 439
What are the prime factors of 77831?
13, 5987
What are the prime factors of 920?
2, 5, 23
List the prime factors of 93602.
2, 17, 2753
What are the prime factors of 1603?
7, 229
List the prime factors of 427.
7, 61
List the prime factors of 821.
821
What are the prime factors of 4751?
4751
What are the prime factors of 6150?
2, 3, 5, 41
What are the prime factors of 31828?
2, 73, 109
List the prime factors of 2200.
2, 5, 11
What are the prime factors of 477?
3, 53
What are the prime factors of 4569?
3, 1523
List the prime factors of 32227.
13, 37, 67
What are the prime factors of 19289?
19289
List the prime factors of 48409.
48409
List the prime factors of 1247.
29, 43
List the prime factors of 5896.
2, 11, 67
What are the prime factors of 949?
13, 73
What are the prime factors of 1401?
3, 467
List the prime factors of 8976.
2, 3, 11, 17
What are the prime factors of 27589?
47, 587
What are the prime factors of 13385?
5, 2677
What are the prime factors of 14993?
11, 29, 47
What are the prime factors of 2755?
5, 19, 29
What are the prime factors of 1468?
2, 367
What are the prime factors of 16383?
3, 43, 127
What are the prime factors of 4120?
2, 5, 103
What are the prime factors of 125468?
2, 7, 4481
What are the prime factors of 128574?
2, 3, 2381
List the prime factors of 39844.
2, 7, 1423
What are the prime factors of 55692?
2, 3, 7, 13, 17
What are the prime factors of 446?
2, 223
List the prime factors of 29957.
29, 1033
What are the prime factors of 1536?
2, 3
What are the prime factors of 29856?
2, 3, 311
List the prime factors of 21484.
2, 41, 131
What are the prime factors of 7046?
2, 13, 271
List the prime factors of 802.
2, 401
What are the prime factors of 29471?
13, 2267
What are the prime factors of 50361?
3, 16787
What are the prime factors of 36759?
3, 12253
List the prime factors of 7625.
5, 61
What are the prime factors of 1754?
2, 877
What are the prime factors of 2665?
5, 13, 41
What are the prime factors of 17564?
2, 4391
List the prime factors of 303.
3, 101
List the prime factors of 4439.
23, 193
What are the prime factors of 11308?
2, 11, 257
What are the prime factors of 609?
3, 7, 29
What are the prime factors of 646?
2, 17, 19
What are the prime factors of 516?
2, 3, 43
List the prime factors of 71487.
3, 13, 47
What are the prime factors of 61?
61
What are the prime factors of 12130?
2, 5, 1213
What are the prime factors of 886?
2, 443
What are the prime factors of 44793?
3, 7, 79
List the prime factors of 5670.
2, 3, 5, 7
List the prime factors of 390.
2, 3, 5, 13
What are the prime factors of 71306?
2, 101, 353
What are the prime factors of 4956?
2, 3, 7, 59
What are the prime factors of 970?
2, 5, 97
What are the prime factors of 27161?
157, 173
List the prime factors of 5623.
5623
What are the prime factors of 8307?
3, 13, 71
What are the prime factors of 36421?
7, 11, 43
What are the prime factors of 5409?
3, 601
What are the prime factors of 2380?
2, 5, 7, 17
What are the prime factors of 10826?
2, 5413
List the prime factors of 3898.
2, 1949
What are the prime factors of 2024?
2, 11, 23
List the prime factors of 2421.
3, 269
What are the prime factors of 7943?
13, 47
What are the prime factors of 70265?
5, 13, 23, 47
What are the prime factors of 558?
2, 3, 31
What are the prime factors of 1574?
2, 787
What are the prime factors of 908?
2, 227
List the prime factors of 6.
2, 3
List the prime factors of 11678.
2, 5839
What are the prime factors of 27092?
2, 13, 521
List the prime factors of 75455.
5, 15091
List the prime factors of 2792.
2, 349
What are the prime factors of 778?
2, 389
List the prime factors of 3508.
2, 877
What are the prime factors of 255?
3, 5, 17
List the prime factors of 1213.
1213
List the prime factors of 30840.
2, 3, 5, 257
List the prime factors of 8279.
17, 487
List the prime factors of 9343.
9343
List the prime factors of 128537.
17, 7561
List the prime factors of 2268.
2, 3, 7
What are the prime factors of 20461?
7, 37, 79
What are the prime factors of 1166?
2, 11, 53
What are the prime factors of 24338?
2, 43, 283
List the prime factors of 613.
613
What are the prime factors of 5391?
3, 599
What are the prime factors of 3152?
2, 197
List the prime factors of 199802.
2, 99901
What are the prime factors of 3326?
2, 1663
List the prime factors of 9792.
2, 3, 17
List the prime factors of 2018.
2, 1009
What are the prime factors of 39801?
3, 13267
List the prime factors of 1820.
2, 5, 7, 13
List the prime factors of 2895.
3, 5, 193
What are the prime factors of 15633?
3, 193
What are the prime factors of 1783?
1783
List the prime factors of 458.
2, 229
What are the prime factors of 2292?
2, 3, 191
List the prime factors of 1049.
1049
List the prime factors of 1423.
1423
List the prime factors of 19097.
13, 113
List the prime factors of 44237.
31, 1427
List the prime factors of 11861.
29, 409
What are the prime factors of 13936?
2, 13, 67
List the prime factors of 16717.
73, 229
What are the prime factors of 1626?
2, 3, 271
What are the prime factors of 275?
5, 11
List the prime factors of 99071.
7, 14153
What are the prime factors of 11659?
89, 131
List the prime factors of 66192.
2, 3, 7, 197
What are the prime factors of 5586?
2, 3, 7, 19
What are the prime factors of 234?
2, 3, 13
List the prime factors of 5010.
2, 3, 5, 167
List the prime factors of 1092.
2, 3, 7, 13
List the prime factors of 1000.
2, 5
What are the prime factors of 23131?
23131
List the prime factors of 6921.
3, 769
List the prime factors of 25291.
7, 3613
What are the prime factors of 3817?
11, 347
What are the prime factors of 2986?
2, 1493
List the prime factors of 10608.
2, 3, 13, 17
List the prime factors of 24049.
24049
List the prime factors of 1167.
3, 389
What are the prime factors of 70019?
70019
List the prime factors of 508.
2, 127
What are the prime factors of 1463?
7, 11, 19
What are the prime factors of 11?
11
List the prime factors of 2146.
2, 29, 37
List the prime factors of 115.
5, 23
List the prime factors of 20533.
20533
What are the prime factors of 5265?
3, 5, 13
What are the prime factors of 3545?
5, 709
List the prime factors of 55.
5, 11
List the prime factors of 3681.
3, 409
What are the prime factors of 16707?
3, 5569
What are the prime factors of 21574?
2, 7, 23, 67
What are the prime factors of 5943?
3, 7, 283
List the prime factors of 214.
2, 107
What are the prime factors of 3358?
2, 23, 73
List the prime factors of 10429.
10429
What are the prime factors of 7884?
2, 3, 73
List the prime factors of 651.
3, 7, 31
List the prime factors of 2100.
2, 3, 5, 7
List the prime factors of 1657.
1657
List the prime factors of 12767.
17, 751
List the prime factors of 44729.
44729
What are the prime factors of 11470?
2, 5, 31, 37
What are the prime factors of 11168?
2, 349
What are the prime factors of 29974?
2, 7, 2141
List the prime factors of 56892.
2, 3, 11, 431
List the prime factors of 2407.
29, 83
List the prime factors of 9508.
2, 2377
What are the prime factors of 170317?
7, 29, 839
What are the prime factors of 352?
2, 11
List the prime factors of 1572.
2, 3, 131
List the prime factors of 1024.
2
List the prime factors of 1825.
5, 73
List the prime factors of 40381.
11, 3671
What are the prime factors of 766?
2, 383
What are the prime factors of 955?
